{"id":5,"date":"2006-12-20T23:11:02","date_gmt":"2006-12-20T22:11:02","guid":{"rendered":"http:\/\/goesselgold.de\/blog\/?page_id=5"},"modified":"2023-11-22T18:00:58","modified_gmt":"2023-11-22T17:00:58","slug":"uber-goesselnews","status":"publish","type":"page","link":"https:\/\/www.goesselgold.de\/blog\/uber-goesselnews\/","title":{"rendered":"\u00dcber Goesselnews"},"content":{"rendered":"\n<p>Goesselnews ist das Blog von <a title=\"Zur Startseite von Goesselgold\" href=\"\/\">Goesselgold<\/a>, der privaten Seite von Rainer Pleyer.<\/p>\n\n\n\n<h2 class=\"wp-block-heading\">Wozu das?<\/h2>\n\n\n\n<p>Goesselgold.de ist ausgedacht, entworfen, handgeschrieben und gepflegt von mir, soweit es die Zeit neben meiner Arbeit erlaubt und rein zum Spass (und ein wenig, um HTML und CSS zu \u00fcben). Und Goesselnews ist das Blog dazu. Ich schreibe \u00fcber <a href=\"\/blog\/?cat=5\">Web<\/a>&#8211; und <a href=\"\/blog\/?cat=4\">Interfacedesign<\/a> (und \u00fcber <a href=\"\/blog\/?cat=6\">Design im Allgemeinen<\/a>) und berichte hin und wieder \u00fcber Neuigkeiten in der <a href=\"\/blog\/?cat=2\">Familie<\/a>.<\/p>\n\n\n\n<p>Als erster Bereich von Goesselgold liegt das Blog jetzt im neuen Design vor, das ich nach und nach auf alle anderen Bereiche \u00fcbertragen werde.<\/p>\n\n\n\n<h2 class=\"wp-block-heading\">Der Autor<\/h2>\n\n\n\n<p>Rainer Pleyer, geboren 1966 in Salzgitter, von Kind an zeichnend. Interessiert an allem m\u00f6glichen, laienhaft (aber tief) fasziniert von der Sch\u00f6nheit der Mathematik und der eleganten Komplexit\u00e4t aller Natur.<\/p>\n\n\n\n<p>Reaktion eines meiner Mathelehrer auf meinen Berufswunsch \u201eirgendwas mit Design\u201c: \u201eHerr Pleyer, machen Sie was, was Sie k\u00f6nnen\u201c.<\/p>\n\n\n\n<p>Ich verdiene mein Geld als <a title=\"Was ich beruflich mache\" href=\"\/berufliches\/\">Grafik Designer<\/a>, haupts\u00e4chlich mit der Konzeption und Gestaltung von Websites. Hin und wieder kommt ein Illustrationsjob dazu, aber das macht (leider) nur einen geringen Teil meiner Arbeit aus.<\/p>\n\n\n\n<h2 class=\"wp-block-heading\">Der Name<\/h2>\n\n\n\n<p>Meine <a href=\"\/supersuse\/\">Liebste<\/a> verschenkt gelegentlich selbstgemachte Marmelade, die dann nat\u00fcrlich ein Etikett und einen Namen braucht. Wir wohnen in der Goesselstra\u00dfe, und so wurde Goesselgold erfunden. Warum nicht die Website auch so nennen?<\/p>\n","protected":false},"excerpt":{"rendered":"<p>Goesselnews ist das Blog von Goesselgold, der privaten Seite von Rainer Pleyer. Wozu das? Goesselgold.de ist ausgedacht, entworfen, handgeschrieben und gepflegt von mir, soweit es die Zeit neben meiner Arbeit erlaubt und rein zum Spass (und ein wenig, um HTML und CSS zu \u00fcben). Und Goesselnews ist das Blog dazu. Ich schreibe \u00fcber Web&#8211; und [&hellip;]<\/p>\n","protected":false},"author":4,"featured_media":0,"parent":0,"menu_order":0,"comment_status":"open","ping_status":"open","template":"","meta":{"jetpack_post_was_ever_published":false,"footnotes":""},"class_list":["post-5","page","type-page","status-publish","hentry"],"jetpack_shortlink":"https:\/\/wp.me\/P4vRUO-5","jetpack_sharing_enabled":true,"_links":{"self":[{"href":"https:\/\/www.goesselgold.de\/blog\/wp-json\/wp\/v2\/pages\/5","targetHints":{"allow":["GET"]}}],"collection":[{"href":"https:\/\/www.goesselgold.de\/blog\/wp-json\/wp\/v2\/pages"}],"about":[{"href":"https:\/\/www.goesselgold.de\/blog\/wp-json\/wp\/v2\/types\/page"}],"author":[{"embeddable":true,"href":"https:\/\/www.goesselgold.de\/blog\/wp-json\/wp\/v2\/users\/4"}],"replies":[{"embeddable":true,"href":"https:\/\/www.goesselgold.de\/blog\/wp-json\/wp\/v2\/comments?post=5"}],"version-history":[{"count":3,"href":"https:\/\/www.goesselgold.de\/blog\/wp-json\/wp\/v2\/pages\/5\/revisions"}],"predecessor-version":[{"id":495,"href":"https:\/\/www.goesselgold.de\/blog\/wp-json\/wp\/v2\/pages\/5\/revisions\/495"}],"wp:attachment":[{"href":"https:\/\/www.goesselgold.de\/blog\/wp-json\/wp\/v2\/media?parent=5"}],"curies":[{"name":"wp","href":"https:\/\/api.w.org\/{rel}","templated":true}]}}